{"version":"1.0","provider_name":"Ubaldo Fernandes","provider_url":"https:\/\/ubaldofernandes.com","author_name":"bianca","author_url":"https:\/\/ubaldofernandes.com\/index.php\/author\/bianca\/","title":"Ubaldo solicita ao Governo parcelamento do IPVA - Ubaldo Fernandes","type":"rich","width":600,"height":338,"html":"<blockquote class=\"wp-embedded-content\" data-secret=\"KXMpKUsU0X\"><a href=\"https:\/\/ubaldofernandes.com\/index.php\/news\/ubaldo-solicita-ao-governo-parcelamento-do-ipva\/\">Ubaldo solicita ao Governo parcelamento do IPVA<\/a><\/blockquote><iframe sandbox=\"allow-scripts\" security=\"restricted\" src=\"https:\/\/ubaldofernandes.com\/index.php\/news\/ubaldo-solicita-ao-governo-parcelamento-do-ipva\/embed\/#?secret=KXMpKUsU0X\" width=\"600\" height=\"338\" title=\"&#8220;Ubaldo solicita ao Governo parcelamento do IPVA&#8221; &#8212; Ubaldo Fernandes\" data-secret=\"KXMpKUsU0X\" frameborder=\"0\" marginwidth=\"0\" marginheight=\"0\" scrolling=\"no\" class=\"wp-embedded-content\"><\/iframe><script type=\"text\/javascript\">\n\/* <![CDATA[ *\/\n\/*! This file is auto-generated *\/\n!function(d,l){\"use strict\";l.querySelector&&d.addEventListener&&\"undefined\"!=typeof URL&&(d.wp=d.wp||{},d.wp.receiveEmbedMessage||(d.wp.receiveEmbedMessage=function(e){var t=e.data;if((t||t.secret||t.message||t.value)&&!\/[^a-zA-Z0-9]\/.test(t.secret)){for(var s,r,n,a=l.querySelectorAll('iframe[data-secret=\"'+t.secret+'\"]'),o=l.querySelectorAll('blockquote[data-secret=\"'+t.secret+'\"]'),c=new RegExp(\"^https?:$\",\"i\"),i=0;i<o.length;i++)o[i].style.display=\"none\";for(i=0;i<a.length;i++)s=a[i],e.source===s.contentWindow&&(s.removeAttribute(\"style\"),\"height\"===t.message?(1e3<(r=parseInt(t.value,10))?r=1e3:~~r<200&&(r=200),s.height=r):\"link\"===t.message&&(r=new URL(s.getAttribute(\"src\")),n=new URL(t.value),c.test(n.protocol))&&n.host===r.host&&l.activeElement===s&&(d.top.location.href=t.value))}},d.addEventListener(\"message\",d.wp.receiveEmbedMessage,!1),l.addEventListener(\"DOMContentLoaded\",function(){for(var e,t,s=l.querySelectorAll(\"iframe.wp-embedded-content\"),r=0;r<s.length;r++)(t=(e=s[r]).getAttribute(\"data-secret\"))||(t=Math.random().toString(36).substring(2,12),e.src+=\"#?secret=\"+t,e.setAttribute(\"data-secret\",t)),e.contentWindow.postMessage({message:\"ready\",secret:t},\"*\")},!1)))}(window,document);\n\/* ]]> *\/\n<\/script>\n","thumbnail_url":"https:\/\/ubaldofernandes.com\/wp-content\/uploads\/2021\/08\/Blog-do-Assis.jpg","thumbnail_width":304,"thumbnail_height":171,"description":"Os contribuintes do Rio Grande do Norte com d\u00e9bitos de IPVA vencidos na pandemia, referente aos anos 2020 e 2021, podem vir a ter o direito de parcelar essas d\u00edvidas, sem aplica\u00e7\u00e3o de juros. \u00c9 o que sinalizou, na manh\u00e3 desta sexta-feira (06\/08), o secret\u00e1rio estadual de Tributa\u00e7\u00e3o, Carlos Eduardo Xavier, ao deputado Ubaldo Fernandes, [&hellip;]"}

Os contribuintes do Rio Grande do Norte com débitos de IPVA vencidos na pandemia, referente aos anos 2020 e 2021, podem vir a ter o direito de parcelar essas dívidas, sem aplicação de juros. É o que sinalizou, na manhã desta sexta-feira (06/08), o secretário estadual de Tributação, Carlos Eduardo Xavier, ao deputado Ubaldo Fernandes, [&hellip;]
