{"id":1619,"date":"2021-02-07T11:12:21","date_gmt":"2021-02-07T14:12:21","guid":{"rendered":"https:\/\/ubaldofernandes.com\/?post_type=events&#038;p=1619"},"modified":"2021-02-12T08:57:06","modified_gmt":"2021-02-12T11:57:06","slug":"aniversario","status":"publish","type":"events","link":"https:\/\/ubaldofernandes.com\/index.php\/events\/aniversario\/","title":{"rendered":"Anivers\u00e1rio"},"content":{"rendered":"\n<p>Prestigiei a festinha de Jos\u00e9 Gabriel e Dulce, familiares da amiga Josy, retribuindo aten\u00e7\u00e3o e carinho que eles sempre t\u00eam conosco. Obrigado pela receptividade e parab\u00e9ns pela linda festa!<\/p>\n\n\n\n<figure class=\"wp-block-gallery columns-2 is-cropped wp-block-gallery-1 is-layout-flex wp-block-gallery-is-layout-flex\"><ul class=\"blocks-gallery-grid\"><li class=\"blocks-gallery-item\"><figure><a href=\"https:\/\/ubaldofernandes.com\/wp-content\/uploads\/2021\/02\/WhatsApp-Image-2021-02-08-at-10.57.52-2-Copia.jpeg\"><img loading=\"lazy\" decoding=\"async\" width=\"240\" height=\"300\" src=\"https:\/\/ubaldofernandes.com\/wp-content\/uploads\/2021\/02\/WhatsApp-Image-2021-02-08-at-10.57.52-2-Copia-240x300.jpeg\" alt=\"\" data-id=\"1627\" data-full-url=\"https:\/\/ubaldofernandes.com\/wp-content\/uploads\/2021\/02\/WhatsApp-Image-2021-02-08-at-10.57.52-2-Copia.jpeg\" data-link=\"https:\/\/ubaldofernandes.com\/?attachment_id=1627\" class=\"wp-image-1627\" srcset=\"https:\/\/ubaldofernandes.com\/wp-content\/uploads\/2021\/02\/WhatsApp-Image-2021-02-08-at-10.57.52-2-Copia-240x300.jpeg 240w, https:\/\/ubaldofernandes.com\/wp-content\/uploads\/2021\/02\/WhatsApp-Image-2021-02-08-at-10.57.52-2-Copia-819x1024.jpeg 819w, https:\/\/ubaldofernandes.com\/wp-content\/uploads\/2021\/02\/WhatsApp-Image-2021-02-08-at-10.57.52-2-Copia-768x960.jpeg 768w, https:\/\/ubaldofernandes.com\/wp-content\/uploads\/2021\/02\/WhatsApp-Image-2021-02-08-at-10.57.52-2-Copia.jpeg 960w\" sizes=\"auto, (max-width: 240px) 100vw, 240px\" \/><\/a><\/figure><\/li><li class=\"blocks-gallery-item\"><figure><a href=\"https:\/\/ubaldofernandes.com\/wp-content\/uploads\/2021\/02\/WhatsApp-Image-2021-02-08-at-10.57.52-1-Copia.jpeg\"><img loading=\"lazy\" decoding=\"async\" width=\"240\" height=\"300\" src=\"https:\/\/ubaldofernandes.com\/wp-content\/uploads\/2021\/02\/WhatsApp-Image-2021-02-08-at-10.57.52-1-Copia-240x300.jpeg\" alt=\"\" data-id=\"1628\" data-full-url=\"https:\/\/ubaldofernandes.com\/wp-content\/uploads\/2021\/02\/WhatsApp-Image-2021-02-08-at-10.57.52-1-Copia.jpeg\" data-link=\"https:\/\/ubaldofernandes.com\/?attachment_id=1628\" class=\"wp-image-1628\" srcset=\"https:\/\/ubaldofernandes.com\/wp-content\/uploads\/2021\/02\/WhatsApp-Image-2021-02-08-at-10.57.52-1-Copia-240x300.jpeg 240w, https:\/\/ubaldofernandes.com\/wp-content\/uploads\/2021\/02\/WhatsApp-Image-2021-02-08-at-10.57.52-1-Copia-819x1024.jpeg 819w, https:\/\/ubaldofernandes.com\/wp-content\/uploads\/2021\/02\/WhatsApp-Image-2021-02-08-at-10.57.52-1-Copia-768x960.jpeg 768w, https:\/\/ubaldofernandes.com\/wp-content\/uploads\/2021\/02\/WhatsApp-Image-2021-02-08-at-10.57.52-1-Copia.jpeg 960w\" sizes=\"auto, (max-width: 240px) 100vw, 240px\" \/><\/a><\/figure><\/li><\/ul><\/figure>\n\n\n\n<div class=\"wp-block-group is-layout-flow wp-block-group-is-layout-flow\"><div class=\"wp-block-group__inner-container\"><\/div><\/div>\n","protected":false},"featured_media":1626,"parent":0,"template":"","class_list":["post-1619","events","type-events","status-publish","has-post-thumbnail","hentry"],"acf":[],"yoast_head":"<!-- This site is optimized with the Yoast SEO plugin v24.6 - https:\/\/yoast.com\/wordpress\/plugins\/seo\/ -->\n<title>Anivers\u00e1rio - Ubaldo Fernandes<\/title>\n<meta name=\"robots\" content=\"index, follow, max-snippet:-1, max-image-preview:large, max-video-preview:-1\" \/>\n<link rel=\"canonical\" href=\"https:\/\/ubaldofernandes.com\/index.php\/events\/aniversario\/\" \/>\n<meta property=\"og:locale\" content=\"pt_BR\" \/>\n<meta property=\"og:type\" content=\"article\" \/>\n<meta property=\"og:title\" content=\"Anivers\u00e1rio - Ubaldo Fernandes\" \/>\n<meta property=\"og:description\" content=\"Prestigiei a festinha de Jos\u00e9 Gabriel e Dulce, familiares da amiga Josy, retribuindo aten\u00e7\u00e3o e carinho que eles sempre t\u00eam conosco. Obrigado pela receptividade e parab\u00e9ns pela linda festa!\" \/>\n<meta property=\"og:url\" content=\"https:\/\/ubaldofernandes.com\/index.php\/events\/aniversario\/\" \/>\n<meta property=\"og:site_name\" content=\"Ubaldo Fernandes\" \/>\n<meta property=\"article:modified_time\" content=\"2021-02-12T11:57:06+00:00\" \/>\n<meta property=\"og:image\" content=\"https:\/\/ubaldofernandes.com\/wp-content\/uploads\/2021\/02\/WhatsApp-Image-2021-02-08-at-10.57.52-3.jpeg\" \/>\n\t<meta property=\"og:image:width\" content=\"960\" \/>\n\t<meta property=\"og:image:height\" content=\"1200\" \/>\n\t<meta property=\"og:image:type\" content=\"image\/jpeg\" \/>\n<meta name=\"twitter:card\" content=\"summary_large_image\" \/>\n<script type=\"application\/ld+json\" class=\"yoast-schema-graph\">{\"@context\":\"https:\/\/schema.org\",\"@graph\":[{\"@type\":\"WebPage\",\"@id\":\"https:\/\/ubaldofernandes.com\/index.php\/events\/aniversario\/\",\"url\":\"https:\/\/ubaldofernandes.com\/index.php\/events\/aniversario\/\",\"name\":\"Anivers\u00e1rio - Ubaldo Fernandes\",\"isPartOf\":{\"@id\":\"https:\/\/ubaldofernandes.com\/#website\"},\"primaryImageOfPage\":{\"@id\":\"https:\/\/ubaldofernandes.com\/index.php\/events\/aniversario\/#primaryimage\"},\"image\":{\"@id\":\"https:\/\/ubaldofernandes.com\/index.php\/events\/aniversario\/#primaryimage\"},\"thumbnailUrl\":\"https:\/\/ubaldofernandes.com\/wp-content\/uploads\/2021\/02\/WhatsApp-Image-2021-02-08-at-10.57.52-3.jpeg\",\"datePublished\":\"2021-02-07T14:12:21+00:00\",\"dateModified\":\"2021-02-12T11:57:06+00:00\",\"breadcrumb\":{\"@id\":\"https:\/\/ubaldofernandes.com\/index.php\/events\/aniversario\/#breadcrumb\"},\"inLanguage\":\"pt-BR\",\"potentialAction\":[{\"@type\":\"ReadAction\",\"target\":[\"https:\/\/ubaldofernandes.com\/index.php\/events\/aniversario\/\"]}]},{\"@type\":\"ImageObject\",\"inLanguage\":\"pt-BR\",\"@id\":\"https:\/\/ubaldofernandes.com\/index.php\/events\/aniversario\/#primaryimage\",\"url\":\"https:\/\/ubaldofernandes.com\/wp-content\/uploads\/2021\/02\/WhatsApp-Image-2021-02-08-at-10.57.52-3.jpeg\",\"contentUrl\":\"https:\/\/ubaldofernandes.com\/wp-content\/uploads\/2021\/02\/WhatsApp-Image-2021-02-08-at-10.57.52-3.jpeg\",\"width\":960,\"height\":1200},{\"@type\":\"BreadcrumbList\",\"@id\":\"https:\/\/ubaldofernandes.com\/index.php\/events\/aniversario\/#breadcrumb\",\"itemListElement\":[{\"@type\":\"ListItem\",\"position\":1,\"name\":\"In\u00edcio\",\"item\":\"https:\/\/ubaldofernandes.com\/\"},{\"@type\":\"ListItem\",\"position\":2,\"name\":\"A\u00e7\u00f5es e Eventos\",\"item\":\"https:\/\/ubaldofernandes.com\/index.php\/events\/\"},{\"@type\":\"ListItem\",\"position\":3,\"name\":\"Anivers\u00e1rio\"}]},{\"@type\":\"WebSite\",\"@id\":\"https:\/\/ubaldofernandes.com\/#website\",\"url\":\"https:\/\/ubaldofernandes.com\/\",\"name\":\"Ubaldo Fernandes\",\"description\":\"Deputado Estadual\",\"potentialAction\":[{\"@type\":\"SearchAction\",\"target\":{\"@type\":\"EntryPoint\",\"urlTemplate\":\"https:\/\/ubaldofernandes.com\/?s={search_term_string}\"},\"query-input\":{\"@type\":\"PropertyValueSpecification\",\"valueRequired\":true,\"valueName\":\"search_term_string\"}}],\"inLanguage\":\"pt-BR\"}]}<\/script>\n<!-- \/ Yoast SEO plugin. -->","yoast_head_json":{"title":"Anivers\u00e1rio - Ubaldo Fernandes","robots":{"index":"index","follow":"follow","max-snippet":"max-snippet:-1","max-image-preview":"max-image-preview:large","max-video-preview":"max-video-preview:-1"},"canonical":"https:\/\/ubaldofernandes.com\/index.php\/events\/aniversario\/","og_locale":"pt_BR","og_type":"article","og_title":"Anivers\u00e1rio - Ubaldo Fernandes","og_description":"Prestigiei a festinha de Jos\u00e9 Gabriel e Dulce, familiares da amiga Josy, retribuindo aten\u00e7\u00e3o e carinho que eles sempre t\u00eam conosco. Obrigado pela receptividade e parab\u00e9ns pela linda festa!","og_url":"https:\/\/ubaldofernandes.com\/index.php\/events\/aniversario\/","og_site_name":"Ubaldo Fernandes","article_modified_time":"2021-02-12T11:57:06+00:00","og_image":[{"width":960,"height":1200,"url":"https:\/\/ubaldofernandes.com\/wp-content\/uploads\/2021\/02\/WhatsApp-Image-2021-02-08-at-10.57.52-3.jpeg","type":"image\/jpeg"}],"twitter_card":"summary_large_image","schema":{"@context":"https:\/\/schema.org","@graph":[{"@type":"WebPage","@id":"https:\/\/ubaldofernandes.com\/index.php\/events\/aniversario\/","url":"https:\/\/ubaldofernandes.com\/index.php\/events\/aniversario\/","name":"Anivers\u00e1rio - Ubaldo Fernandes","isPartOf":{"@id":"https:\/\/ubaldofernandes.com\/#website"},"primaryImageOfPage":{"@id":"https:\/\/ubaldofernandes.com\/index.php\/events\/aniversario\/#primaryimage"},"image":{"@id":"https:\/\/ubaldofernandes.com\/index.php\/events\/aniversario\/#primaryimage"},"thumbnailUrl":"https:\/\/ubaldofernandes.com\/wp-content\/uploads\/2021\/02\/WhatsApp-Image-2021-02-08-at-10.57.52-3.jpeg","datePublished":"2021-02-07T14:12:21+00:00","dateModified":"2021-02-12T11:57:06+00:00","breadcrumb":{"@id":"https:\/\/ubaldofernandes.com\/index.php\/events\/aniversario\/#breadcrumb"},"inLanguage":"pt-BR","potentialAction":[{"@type":"ReadAction","target":["https:\/\/ubaldofernandes.com\/index.php\/events\/aniversario\/"]}]},{"@type":"ImageObject","inLanguage":"pt-BR","@id":"https:\/\/ubaldofernandes.com\/index.php\/events\/aniversario\/#primaryimage","url":"https:\/\/ubaldofernandes.com\/wp-content\/uploads\/2021\/02\/WhatsApp-Image-2021-02-08-at-10.57.52-3.jpeg","contentUrl":"https:\/\/ubaldofernandes.com\/wp-content\/uploads\/2021\/02\/WhatsApp-Image-2021-02-08-at-10.57.52-3.jpeg","width":960,"height":1200},{"@type":"BreadcrumbList","@id":"https:\/\/ubaldofernandes.com\/index.php\/events\/aniversario\/#breadcrumb","itemListElement":[{"@type":"ListItem","position":1,"name":"In\u00edcio","item":"https:\/\/ubaldofernandes.com\/"},{"@type":"ListItem","position":2,"name":"A\u00e7\u00f5es e Eventos","item":"https:\/\/ubaldofernandes.com\/index.php\/events\/"},{"@type":"ListItem","position":3,"name":"Anivers\u00e1rio"}]},{"@type":"WebSite","@id":"https:\/\/ubaldofernandes.com\/#website","url":"https:\/\/ubaldofernandes.com\/","name":"Ubaldo Fernandes","description":"Deputado Estadual","potentialAction":[{"@type":"SearchAction","target":{"@type":"EntryPoint","urlTemplate":"https:\/\/ubaldofernandes.com\/?s={search_term_string}"},"query-input":{"@type":"PropertyValueSpecification","valueRequired":true,"valueName":"search_term_string"}}],"inLanguage":"pt-BR"}]}},"_links":{"self":[{"href":"https:\/\/ubaldofernandes.com\/index.php\/wp-json\/wp\/v2\/events\/1619","targetHints":{"allow":["GET"]}}],"collection":[{"href":"https:\/\/ubaldofernandes.com\/index.php\/wp-json\/wp\/v2\/events"}],"about":[{"href":"https:\/\/ubaldofernandes.com\/index.php\/wp-json\/wp\/v2\/types\/events"}],"wp:featuredmedia":[{"embeddable":true,"href":"https:\/\/ubaldofernandes.com\/index.php\/wp-json\/wp\/v2\/media\/1626"}],"wp:attachment":[{"href":"https:\/\/ubaldofernandes.com\/index.php\/wp-json\/wp\/v2\/media?parent=1619"}],"curies":[{"name":"wp","href":"https:\/\/api.w.org\/{rel}","templated":true}]}}

Aniversário

<p>Prestigiei a festinha de José Gabriel e Dulce, familiares da amiga Josy, retribuindo atenção e carinho que eles sempre têm conosco. Obrigado pela receptividade e parabéns pela linda festa!</p>



<figure class="wp-block-gallery columns-2 is-cropped wp-block-gallery-1 is-layout-flex wp-block-gallery-is-layout-flex"><ul class="blocks-gallery-grid"><li class="blocks-gallery-item"><figure><a href="https://ubaldofernandes.com/wp-content/uploads/2021/02/WhatsApp-Image-2021-02-08-at-10.57.52-2-Copia.jpeg"><img loading="lazy" decoding="async" width="240" height="300" src="https://ubaldofernandes.com/wp-content/uploads/2021/02/WhatsApp-Image-2021-02-08-at-10.57.52-2-Copia-240x300.jpeg" alt="" data-id="1627" data-full-url="https://ubaldofernandes.com/wp-content/uploads/2021/02/WhatsApp-Image-2021-02-08-at-10.57.52-2-Copia.jpeg" data-link="https://ubaldofernandes.com/?attachment_id=1627" class="wp-image-1627" srcset="https://ubaldofernandes.com/wp-content/uploads/2021/02/WhatsApp-Image-2021-02-08-at-10.57.52-2-Copia-240x300.jpeg 240w, https://ubaldofernandes.com/wp-content/uploads/2021/02/WhatsApp-Image-2021-02-08-at-10.57.52-2-Copia-819x1024.jpeg 819w, https://ubaldofernandes.com/wp-content/uploads/2021/02/WhatsApp-Image-2021-02-08-at-10.57.52-2-Copia-768x960.jpeg 768w, https://ubaldofernandes.com/wp-content/uploads/2021/02/WhatsApp-Image-2021-02-08-at-10.57.52-2-Copia.jpeg 960w" sizes="auto, (max-width: 240px) 100vw, 240px" /></a></figure></li><li class="blocks-gallery-item"><figure><a href="https://ubaldofernandes.com/wp-content/uploads/2021/02/WhatsApp-Image-2021-02-08-at-10.57.52-1-Copia.jpeg"><img loading="lazy" decoding="async" width="240" height="300" src="https://ubaldofernandes.com/wp-content/uploads/2021/02/WhatsApp-Image-2021-02-08-at-10.57.52-1-Copia-240x300.jpeg" alt="" data-id="1628" data-full-url="https://ubaldofernandes.com/wp-content/uploads/2021/02/WhatsApp-Image-2021-02-08-at-10.57.52-1-Copia.jpeg" data-link="https://ubaldofernandes.com/?attachment_id=1628" class="wp-image-1628" srcset="https://ubaldofernandes.com/wp-content/uploads/2021/02/WhatsApp-Image-2021-02-08-at-10.57.52-1-Copia-240x300.jpeg 240w, https://ubaldofernandes.com/wp-content/uploads/2021/02/WhatsApp-Image-2021-02-08-at-10.57.52-1-Copia-819x1024.jpeg 819w, https://ubaldofernandes.com/wp-content/uploads/2021/02/WhatsApp-Image-2021-02-08-at-10.57.52-1-Copia-768x960.jpeg 768w, https://ubaldofernandes.com/wp-content/uploads/2021/02/WhatsApp-Image-2021-02-08-at-10.57.52-1-Copia.jpeg 960w" sizes="auto, (max-width: 240px) 100vw, 240px" /></a></figure></li></ul></figure>



<div class="wp-block-group is-layout-flow wp-block-group-is-layout-flow"><div class="wp-block-group__inner-container"></div></div>

<!-- This site is optimized with the Yoast SEO plugin v24.6 - https://yoast.com/wordpress/plugins/seo/ -->
<title>Aniversário - Ubaldo Fernandes</title>
<meta name="robots" content="index, follow, max-snippet:-1, max-image-preview:large, max-video-preview:-1" />
<link rel="canonical" href="https://ubaldofernandes.com/index.php/events/aniversario/" />
<meta property="og:locale" content="pt_BR" />
<meta property="og:type" content="article" />
<meta property="og:title" content="Aniversário - Ubaldo Fernandes" />
<meta property="og:description" content="Prestigiei a festinha de José Gabriel e Dulce, familiares da amiga Josy, retribuindo atenção e carinho que eles sempre têm conosco. Obrigado pela receptividade e parabéns pela linda festa!" />
<meta property="og:url" content="https://ubaldofernandes.com/index.php/events/aniversario/" />
<meta property="og:site_name" content="Ubaldo Fernandes" />
<meta property="article:modified_time" content="2021-02-12T11:57:06+00:00" />
<meta property="og:image" content="https://ubaldofernandes.com/wp-content/uploads/2021/02/WhatsApp-Image-2021-02-08-at-10.57.52-3.jpeg" />
	<meta property="og:image:width" content="960" />
	<meta property="og:image:height" content="1200" />
	<meta property="og:image:type" content="image/jpeg" />
<meta name="twitter:card" content="summary_large_image" />
<script type="application/ld+json" class="yoast-schema-graph">{"@context":"https://schema.org","@graph":[{"@type":"WebPage","@id":"https://ubaldofernandes.com/index.php/events/aniversario/","url":"https://ubaldofernandes.com/index.php/events/aniversario/","name":"Aniversário - Ubaldo Fernandes","isPartOf":{"@id":"https://ubaldofernandes.com/#website"},"primaryImageOfPage":{"@id":"https://ubaldofernandes.com/index.php/events/aniversario/#primaryimage"},"image":{"@id":"https://ubaldofernandes.com/index.php/events/aniversario/#primaryimage"},"thumbnailUrl":"https://ubaldofernandes.com/wp-content/uploads/2021/02/WhatsApp-Image-2021-02-08-at-10.57.52-3.jpeg","datePublished":"2021-02-07T14:12:21+00:00","dateModified":"2021-02-12T11:57:06+00:00","breadcrumb":{"@id":"https://ubaldofernandes.com/index.php/events/aniversario/#breadcrumb"},"inLanguage":"pt-BR","potentialAction":[{"@type":"ReadAction","target":["https://ubaldofernandes.com/index.php/events/aniversario/"]}]},{"@type":"ImageObject","inLanguage":"pt-BR","@id":"https://ubaldofernandes.com/index.php/events/aniversario/#primaryimage","url":"https://ubaldofernandes.com/wp-content/uploads/2021/02/WhatsApp-Image-2021-02-08-at-10.57.52-3.jpeg","contentUrl":"https://ubaldofernandes.com/wp-content/uploads/2021/02/WhatsApp-Image-2021-02-08-at-10.57.52-3.jpeg","width":960,"height":1200},{"@type":"BreadcrumbList","@id":"https://ubaldofernandes.com/index.php/events/aniversario/#breadcrumb","itemListElement":[{"@type":"ListItem","position":1,"name":"Início","item":"https://ubaldofernandes.com/"},{"@type":"ListItem","position":2,"name":"Ações e Eventos","item":"https://ubaldofernandes.com/index.php/events/"},{"@type":"ListItem","position":3,"name":"Aniversário"}]},{"@type":"WebSite","@id":"https://ubaldofernandes.com/#website","url":"https://ubaldofernandes.com/","name":"Ubaldo Fernandes","description":"Deputado Estadual","potentialAction":[{"@type":"SearchAction","target":{"@type":"EntryPoint","urlTemplate":"https://ubaldofernandes.com/?s={search_term_string}"},"query-input":{"@type":"PropertyValueSpecification","valueRequired":true,"valueName":"search_term_string"}}],"inLanguage":"pt-BR"}]}</script>
<!-- / Yoast SEO plugin. -->

Aniversário - Ubaldo Fernandes

Prestigiei a festinha de José Gabriel e Dulce, familiares da amiga Josy, retribuindo atenção e carinho que eles sempre têm conosco. Obrigado pela receptividade e parabéns pela linda festa!

Início

Ações e Eventos
