{"id":2562,"date":"2021-07-15T08:35:00","date_gmt":"2021-07-15T11:35:00","guid":{"rendered":"https:\/\/ubaldofernandes.com\/?post_type=tv&#038;p=2562"},"modified":"2021-07-15T10:37:27","modified_gmt":"2021-07-15T13:37:27","slug":"o-programa-noticias-da-manha-da-tv-ponta-negra-repercutiu-a-audiencia-publica-sobre-preco-dos-combustiveis-proposta-pelo-deputado-ubaldo-fernandes","status":"publish","type":"tv","link":"https:\/\/ubaldofernandes.com\/index.php\/tv\/o-programa-noticias-da-manha-da-tv-ponta-negra-repercutiu-a-audiencia-publica-sobre-preco-dos-combustiveis-proposta-pelo-deputado-ubaldo-fernandes\/","title":{"rendered":"O programa Not\u00edcias da Manh\u00e3, da TV Ponta Negra, repercutiu a audi\u00eancia p\u00fablica sobre pre\u00e7o dos combust\u00edveis proposta pelo deputado Ubaldo Fernandes."},"content":{"rendered":"","protected":false},"featured_media":2559,"parent":0,"template":"","class_list":["post-2562","tv","type-tv","status-publish","has-post-thumbnail","hentry"],"acf":[],"yoast_head":"<!-- This site is optimized with the Yoast SEO plugin v24.6 - https:\/\/yoast.com\/wordpress\/plugins\/seo\/ -->\n<title>O programa Not\u00edcias da Manh\u00e3, da TV Ponta Negra, repercutiu a audi\u00eancia p\u00fablica sobre pre\u00e7o dos combust\u00edveis proposta pelo deputado Ubaldo Fernandes. - Ubaldo Fernandes<\/title>\n<meta name=\"robots\" content=\"index, follow, max-snippet:-1, max-image-preview:large, max-video-preview:-1\" \/>\n<link rel=\"canonical\" href=\"https:\/\/ubaldofernandes.com\/index.php\/tv\/o-programa-noticias-da-manha-da-tv-ponta-negra-repercutiu-a-audiencia-publica-sobre-preco-dos-combustiveis-proposta-pelo-deputado-ubaldo-fernandes\/\" \/>\n<meta property=\"og:locale\" content=\"pt_BR\" \/>\n<meta property=\"og:type\" content=\"article\" \/>\n<meta property=\"og:title\" content=\"O programa Not\u00edcias da Manh\u00e3, da TV Ponta Negra, repercutiu a audi\u00eancia p\u00fablica sobre pre\u00e7o dos combust\u00edveis proposta pelo deputado Ubaldo Fernandes. - Ubaldo Fernandes\" \/>\n<meta property=\"og:url\" content=\"https:\/\/ubaldofernandes.com\/index.php\/tv\/o-programa-noticias-da-manha-da-tv-ponta-negra-repercutiu-a-audiencia-publica-sobre-preco-dos-combustiveis-proposta-pelo-deputado-ubaldo-fernandes\/\" \/>\n<meta property=\"og:site_name\" content=\"Ubaldo Fernandes\" \/>\n<meta property=\"article:modified_time\" content=\"2021-07-15T13:37:27+00:00\" \/>\n<meta property=\"og:image\" content=\"https:\/\/ubaldofernandes.com\/wp-content\/uploads\/2021\/07\/Foto-TV-Ponta-Negra-140721.jpeg\" \/>\n\t<meta property=\"og:image:width\" content=\"1076\" \/>\n\t<meta property=\"og:image:height\" content=\"809\" \/>\n\t<meta property=\"og:image:type\" content=\"image\/jpeg\" \/>\n<meta name=\"twitter:card\" content=\"summary_large_image\" \/>\n<script type=\"application\/ld+json\" class=\"yoast-schema-graph\">{\"@context\":\"https:\/\/schema.org\",\"@graph\":[{\"@type\":\"WebPage\",\"@id\":\"https:\/\/ubaldofernandes.com\/index.php\/tv\/o-programa-noticias-da-manha-da-tv-ponta-negra-repercutiu-a-audiencia-publica-sobre-preco-dos-combustiveis-proposta-pelo-deputado-ubaldo-fernandes\/\",\"url\":\"https:\/\/ubaldofernandes.com\/index.php\/tv\/o-programa-noticias-da-manha-da-tv-ponta-negra-repercutiu-a-audiencia-publica-sobre-preco-dos-combustiveis-proposta-pelo-deputado-ubaldo-fernandes\/\",\"name\":\"O programa Not\u00edcias da Manh\u00e3, da TV Ponta Negra, repercutiu a audi\u00eancia p\u00fablica sobre pre\u00e7o dos combust\u00edveis proposta pelo deputado Ubaldo Fernandes. - Ubaldo Fernandes\",\"isPartOf\":{\"@id\":\"https:\/\/ubaldofernandes.com\/#website\"},\"primaryImageOfPage\":{\"@id\":\"https:\/\/ubaldofernandes.com\/index.php\/tv\/o-programa-noticias-da-manha-da-tv-ponta-negra-repercutiu-a-audiencia-publica-sobre-preco-dos-combustiveis-proposta-pelo-deputado-ubaldo-fernandes\/#primaryimage\"},\"image\":{\"@id\":\"https:\/\/ubaldofernandes.com\/index.php\/tv\/o-programa-noticias-da-manha-da-tv-ponta-negra-repercutiu-a-audiencia-publica-sobre-preco-dos-combustiveis-proposta-pelo-deputado-ubaldo-fernandes\/#primaryimage\"},\"thumbnailUrl\":\"https:\/\/ubaldofernandes.com\/wp-content\/uploads\/2021\/07\/Foto-TV-Ponta-Negra-140721.jpeg\",\"datePublished\":\"2021-07-15T11:35:00+00:00\",\"dateModified\":\"2021-07-15T13:37:27+00:00\",\"breadcrumb\":{\"@id\":\"https:\/\/ubaldofernandes.com\/index.php\/tv\/o-programa-noticias-da-manha-da-tv-ponta-negra-repercutiu-a-audiencia-publica-sobre-preco-dos-combustiveis-proposta-pelo-deputado-ubaldo-fernandes\/#breadcrumb\"},\"inLanguage\":\"pt-BR\",\"potentialAction\":[{\"@type\":\"ReadAction\",\"target\":[\"https:\/\/ubaldofernandes.com\/index.php\/tv\/o-programa-noticias-da-manha-da-tv-ponta-negra-repercutiu-a-audiencia-publica-sobre-preco-dos-combustiveis-proposta-pelo-deputado-ubaldo-fernandes\/\"]}]},{\"@type\":\"ImageObject\",\"inLanguage\":\"pt-BR\",\"@id\":\"https:\/\/ubaldofernandes.com\/index.php\/tv\/o-programa-noticias-da-manha-da-tv-ponta-negra-repercutiu-a-audiencia-publica-sobre-preco-dos-combustiveis-proposta-pelo-deputado-ubaldo-fernandes\/#primaryimage\",\"url\":\"https:\/\/ubaldofernandes.com\/wp-content\/uploads\/2021\/07\/Foto-TV-Ponta-Negra-140721.jpeg\",\"contentUrl\":\"https:\/\/ubaldofernandes.com\/wp-content\/uploads\/2021\/07\/Foto-TV-Ponta-Negra-140721.jpeg\",\"width\":1076,\"height\":809},{\"@type\":\"BreadcrumbList\",\"@id\":\"https:\/\/ubaldofernandes.com\/index.php\/tv\/o-programa-noticias-da-manha-da-tv-ponta-negra-repercutiu-a-audiencia-publica-sobre-preco-dos-combustiveis-proposta-pelo-deputado-ubaldo-fernandes\/#breadcrumb\",\"itemListElement\":[{\"@type\":\"ListItem\",\"position\":1,\"name\":\"In\u00edcio\",\"item\":\"https:\/\/ubaldofernandes.com\/\"},{\"@type\":\"ListItem\",\"position\":2,\"name\":\"TV Ubaldo\",\"item\":\"https:\/\/ubaldofernandes.com\/index.php\/tv\/\"},{\"@type\":\"ListItem\",\"position\":3,\"name\":\"O programa Not\u00edcias da Manh\u00e3, da TV Ponta Negra, repercutiu a audi\u00eancia p\u00fablica sobre pre\u00e7o dos combust\u00edveis proposta pelo deputado Ubaldo Fernandes.\"}]},{\"@type\":\"WebSite\",\"@id\":\"https:\/\/ubaldofernandes.com\/#website\",\"url\":\"https:\/\/ubaldofernandes.com\/\",\"name\":\"Ubaldo Fernandes\",\"description\":\"Deputado Estadual\",\"potentialAction\":[{\"@type\":\"SearchAction\",\"target\":{\"@type\":\"EntryPoint\",\"urlTemplate\":\"https:\/\/ubaldofernandes.com\/?s={search_term_string}\"},\"query-input\":{\"@type\":\"PropertyValueSpecification\",\"valueRequired\":true,\"valueName\":\"search_term_string\"}}],\"inLanguage\":\"pt-BR\"}]}<\/script>\n<!-- \/ Yoast SEO plugin. -->","yoast_head_json":{"title":"O programa Not\u00edcias da Manh\u00e3, da TV Ponta Negra, repercutiu a audi\u00eancia p\u00fablica sobre pre\u00e7o dos combust\u00edveis proposta pelo deputado Ubaldo Fernandes. - Ubaldo Fernandes","robots":{"index":"index","follow":"follow","max-snippet":"max-snippet:-1","max-image-preview":"max-image-preview:large","max-video-preview":"max-video-preview:-1"},"canonical":"https:\/\/ubaldofernandes.com\/index.php\/tv\/o-programa-noticias-da-manha-da-tv-ponta-negra-repercutiu-a-audiencia-publica-sobre-preco-dos-combustiveis-proposta-pelo-deputado-ubaldo-fernandes\/","og_locale":"pt_BR","og_type":"article","og_title":"O programa Not\u00edcias da Manh\u00e3, da TV Ponta Negra, repercutiu a audi\u00eancia p\u00fablica sobre pre\u00e7o dos combust\u00edveis proposta pelo deputado Ubaldo Fernandes. - Ubaldo Fernandes","og_url":"https:\/\/ubaldofernandes.com\/index.php\/tv\/o-programa-noticias-da-manha-da-tv-ponta-negra-repercutiu-a-audiencia-publica-sobre-preco-dos-combustiveis-proposta-pelo-deputado-ubaldo-fernandes\/","og_site_name":"Ubaldo Fernandes","article_modified_time":"2021-07-15T13:37:27+00:00","og_image":[{"width":1076,"height":809,"url":"https:\/\/ubaldofernandes.com\/wp-content\/uploads\/2021\/07\/Foto-TV-Ponta-Negra-140721.jpeg","type":"image\/jpeg"}],"twitter_card":"summary_large_image","schema":{"@context":"https:\/\/schema.org","@graph":[{"@type":"WebPage","@id":"https:\/\/ubaldofernandes.com\/index.php\/tv\/o-programa-noticias-da-manha-da-tv-ponta-negra-repercutiu-a-audiencia-publica-sobre-preco-dos-combustiveis-proposta-pelo-deputado-ubaldo-fernandes\/","url":"https:\/\/ubaldofernandes.com\/index.php\/tv\/o-programa-noticias-da-manha-da-tv-ponta-negra-repercutiu-a-audiencia-publica-sobre-preco-dos-combustiveis-proposta-pelo-deputado-ubaldo-fernandes\/","name":"O programa Not\u00edcias da Manh\u00e3, da TV Ponta Negra, repercutiu a audi\u00eancia p\u00fablica sobre pre\u00e7o dos combust\u00edveis proposta pelo deputado Ubaldo Fernandes. - Ubaldo Fernandes","isPartOf":{"@id":"https:\/\/ubaldofernandes.com\/#website"},"primaryImageOfPage":{"@id":"https:\/\/ubaldofernandes.com\/index.php\/tv\/o-programa-noticias-da-manha-da-tv-ponta-negra-repercutiu-a-audiencia-publica-sobre-preco-dos-combustiveis-proposta-pelo-deputado-ubaldo-fernandes\/#primaryimage"},"image":{"@id":"https:\/\/ubaldofernandes.com\/index.php\/tv\/o-programa-noticias-da-manha-da-tv-ponta-negra-repercutiu-a-audiencia-publica-sobre-preco-dos-combustiveis-proposta-pelo-deputado-ubaldo-fernandes\/#primaryimage"},"thumbnailUrl":"https:\/\/ubaldofernandes.com\/wp-content\/uploads\/2021\/07\/Foto-TV-Ponta-Negra-140721.jpeg","datePublished":"2021-07-15T11:35:00+00:00","dateModified":"2021-07-15T13:37:27+00:00","breadcrumb":{"@id":"https:\/\/ubaldofernandes.com\/index.php\/tv\/o-programa-noticias-da-manha-da-tv-ponta-negra-repercutiu-a-audiencia-publica-sobre-preco-dos-combustiveis-proposta-pelo-deputado-ubaldo-fernandes\/#breadcrumb"},"inLanguage":"pt-BR","potentialAction":[{"@type":"ReadAction","target":["https:\/\/ubaldofernandes.com\/index.php\/tv\/o-programa-noticias-da-manha-da-tv-ponta-negra-repercutiu-a-audiencia-publica-sobre-preco-dos-combustiveis-proposta-pelo-deputado-ubaldo-fernandes\/"]}]},{"@type":"ImageObject","inLanguage":"pt-BR","@id":"https:\/\/ubaldofernandes.com\/index.php\/tv\/o-programa-noticias-da-manha-da-tv-ponta-negra-repercutiu-a-audiencia-publica-sobre-preco-dos-combustiveis-proposta-pelo-deputado-ubaldo-fernandes\/#primaryimage","url":"https:\/\/ubaldofernandes.com\/wp-content\/uploads\/2021\/07\/Foto-TV-Ponta-Negra-140721.jpeg","contentUrl":"https:\/\/ubaldofernandes.com\/wp-content\/uploads\/2021\/07\/Foto-TV-Ponta-Negra-140721.jpeg","width":1076,"height":809},{"@type":"BreadcrumbList","@id":"https:\/\/ubaldofernandes.com\/index.php\/tv\/o-programa-noticias-da-manha-da-tv-ponta-negra-repercutiu-a-audiencia-publica-sobre-preco-dos-combustiveis-proposta-pelo-deputado-ubaldo-fernandes\/#breadcrumb","itemListElement":[{"@type":"ListItem","position":1,"name":"In\u00edcio","item":"https:\/\/ubaldofernandes.com\/"},{"@type":"ListItem","position":2,"name":"TV Ubaldo","item":"https:\/\/ubaldofernandes.com\/index.php\/tv\/"},{"@type":"ListItem","position":3,"name":"O programa Not\u00edcias da Manh\u00e3, da TV Ponta Negra, repercutiu a audi\u00eancia p\u00fablica sobre pre\u00e7o dos combust\u00edveis proposta pelo deputado Ubaldo Fernandes."}]},{"@type":"WebSite","@id":"https:\/\/ubaldofernandes.com\/#website","url":"https:\/\/ubaldofernandes.com\/","name":"Ubaldo Fernandes","description":"Deputado Estadual","potentialAction":[{"@type":"SearchAction","target":{"@type":"EntryPoint","urlTemplate":"https:\/\/ubaldofernandes.com\/?s={search_term_string}"},"query-input":{"@type":"PropertyValueSpecification","valueRequired":true,"valueName":"search_term_string"}}],"inLanguage":"pt-BR"}]}},"_links":{"self":[{"href":"https:\/\/ubaldofernandes.com\/index.php\/wp-json\/wp\/v2\/tv\/2562","targetHints":{"allow":["GET"]}}],"collection":[{"href":"https:\/\/ubaldofernandes.com\/index.php\/wp-json\/wp\/v2\/tv"}],"about":[{"href":"https:\/\/ubaldofernandes.com\/index.php\/wp-json\/wp\/v2\/types\/tv"}],"wp:featuredmedia":[{"embeddable":true,"href":"https:\/\/ubaldofernandes.com\/index.php\/wp-json\/wp\/v2\/media\/2559"}],"wp:attachment":[{"href":"https:\/\/ubaldofernandes.com\/index.php\/wp-json\/wp\/v2\/media?parent=2562"}],"curies":[{"name":"wp","href":"https:\/\/api.w.org\/{rel}","templated":true}]}}

O programa Notícias da Manhã, da TV Ponta Negra, repercutiu a audiência pública sobre preço dos combustíveis proposta pelo deputado Ubaldo Fernandes.

<!-- This site is optimized with the Yoast SEO plugin v24.6 - https://yoast.com/wordpress/plugins/seo/ -->
<title>O programa Notícias da Manhã, da TV Ponta Negra, repercutiu a audiência pública sobre preço dos combustíveis proposta pelo deputado Ubaldo Fernandes. - Ubaldo Fernandes</title>
<meta name="robots" content="index, follow, max-snippet:-1, max-image-preview:large, max-video-preview:-1" />
<link rel="canonical" href="https://ubaldofernandes.com/index.php/tv/o-programa-noticias-da-manha-da-tv-ponta-negra-repercutiu-a-audiencia-publica-sobre-preco-dos-combustiveis-proposta-pelo-deputado-ubaldo-fernandes/" />
<meta property="og:locale" content="pt_BR" />
<meta property="og:type" content="article" />
<meta property="og:title" content="O programa Notícias da Manhã, da TV Ponta Negra, repercutiu a audiência pública sobre preço dos combustíveis proposta pelo deputado Ubaldo Fernandes. - Ubaldo Fernandes" />
<meta property="og:url" content="https://ubaldofernandes.com/index.php/tv/o-programa-noticias-da-manha-da-tv-ponta-negra-repercutiu-a-audiencia-publica-sobre-preco-dos-combustiveis-proposta-pelo-deputado-ubaldo-fernandes/" />
<meta property="og:site_name" content="Ubaldo Fernandes" />
<meta property="article:modified_time" content="2021-07-15T13:37:27+00:00" />
<meta property="og:image" content="https://ubaldofernandes.com/wp-content/uploads/2021/07/Foto-TV-Ponta-Negra-140721.jpeg" />
	<meta property="og:image:width" content="1076" />
	<meta property="og:image:height" content="809" />
	<meta property="og:image:type" content="image/jpeg" />
<meta name="twitter:card" content="summary_large_image" />
<script type="application/ld+json" class="yoast-schema-graph">{"@context":"https://schema.org","@graph":[{"@type":"WebPage","@id":"https://ubaldofernandes.com/index.php/tv/o-programa-noticias-da-manha-da-tv-ponta-negra-repercutiu-a-audiencia-publica-sobre-preco-dos-combustiveis-proposta-pelo-deputado-ubaldo-fernandes/","url":"https://ubaldofernandes.com/index.php/tv/o-programa-noticias-da-manha-da-tv-ponta-negra-repercutiu-a-audiencia-publica-sobre-preco-dos-combustiveis-proposta-pelo-deputado-ubaldo-fernandes/","name":"O programa Notícias da Manhã, da TV Ponta Negra, repercutiu a audiência pública sobre preço dos combustíveis proposta pelo deputado Ubaldo Fernandes. - Ubaldo Fernandes","isPartOf":{"@id":"https://ubaldofernandes.com/#website"},"primaryImageOfPage":{"@id":"https://ubaldofernandes.com/index.php/tv/o-programa-noticias-da-manha-da-tv-ponta-negra-repercutiu-a-audiencia-publica-sobre-preco-dos-combustiveis-proposta-pelo-deputado-ubaldo-fernandes/#primaryimage"},"image":{"@id":"https://ubaldofernandes.com/index.php/tv/o-programa-noticias-da-manha-da-tv-ponta-negra-repercutiu-a-audiencia-publica-sobre-preco-dos-combustiveis-proposta-pelo-deputado-ubaldo-fernandes/#primaryimage"},"thumbnailUrl":"https://ubaldofernandes.com/wp-content/uploads/2021/07/Foto-TV-Ponta-Negra-140721.jpeg","datePublished":"2021-07-15T11:35:00+00:00","dateModified":"2021-07-15T13:37:27+00:00","breadcrumb":{"@id":"https://ubaldofernandes.com/index.php/tv/o-programa-noticias-da-manha-da-tv-ponta-negra-repercutiu-a-audiencia-publica-sobre-preco-dos-combustiveis-proposta-pelo-deputado-ubaldo-fernandes/#breadcrumb"},"inLanguage":"pt-BR","potentialAction":[{"@type":"ReadAction","target":["https://ubaldofernandes.com/index.php/tv/o-programa-noticias-da-manha-da-tv-ponta-negra-repercutiu-a-audiencia-publica-sobre-preco-dos-combustiveis-proposta-pelo-deputado-ubaldo-fernandes/"]}]},{"@type":"ImageObject","inLanguage":"pt-BR","@id":"https://ubaldofernandes.com/index.php/tv/o-programa-noticias-da-manha-da-tv-ponta-negra-repercutiu-a-audiencia-publica-sobre-preco-dos-combustiveis-proposta-pelo-deputado-ubaldo-fernandes/#primaryimage","url":"https://ubaldofernandes.com/wp-content/uploads/2021/07/Foto-TV-Ponta-Negra-140721.jpeg","contentUrl":"https://ubaldofernandes.com/wp-content/uploads/2021/07/Foto-TV-Ponta-Negra-140721.jpeg","width":1076,"height":809},{"@type":"BreadcrumbList","@id":"https://ubaldofernandes.com/index.php/tv/o-programa-noticias-da-manha-da-tv-ponta-negra-repercutiu-a-audiencia-publica-sobre-preco-dos-combustiveis-proposta-pelo-deputado-ubaldo-fernandes/#breadcrumb","itemListElement":[{"@type":"ListItem","position":1,"name":"Início","item":"https://ubaldofernandes.com/"},{"@type":"ListItem","position":2,"name":"TV Ubaldo","item":"https://ubaldofernandes.com/index.php/tv/"},{"@type":"ListItem","position":3,"name":"O programa Notícias da Manhã, da TV Ponta Negra, repercutiu a audiência pública sobre preço dos combustíveis proposta pelo deputado Ubaldo Fernandes."}]},{"@type":"WebSite","@id":"https://ubaldofernandes.com/#website","url":"https://ubaldofernandes.com/","name":"Ubaldo Fernandes","description":"Deputado Estadual","potentialAction":[{"@type":"SearchAction","target":{"@type":"EntryPoint","urlTemplate":"https://ubaldofernandes.com/?s={search_term_string}"},"query-input":{"@type":"PropertyValueSpecification","valueRequired":true,"valueName":"search_term_string"}}],"inLanguage":"pt-BR"}]}</script>
<!-- / Yoast SEO plugin. -->

O programa Notícias da Manhã, da TV Ponta Negra, repercutiu a audiência pública sobre preço dos combustíveis proposta pelo deputado Ubaldo Fernandes. - Ubaldo Fernandes

Início
